t of k(a)?
2
Suppose 5*a + 86 - 556 = 0. Suppose 6*u - a = 4*u. What is the units digit of u?
7
What is the units digit of 3 - 1 - (-16 - (15 - -1313))?
6
Let n(b) = 5*b**2 + 2 - 7*b - 3*b**3 + 5 + 20 + 5*b**2. Let z(s) = s**3 - 3*s**2 + 2*s - 9. Let f(l) = 4*n(l) + 11*z(l). What is the units digit of f(5)?
9
Suppose -3025 = -5*o + 5*a, a + 2460 - 31 = 4*o. What is the units digit of o?
8
Let x = 2498 + -131. What is the tens digit of x?
6
Suppose -3*u + a = -303, -2*a + 6*a + 12 = 0. What is the tens digit of ((-2)/4)/((-5)/u)?
1
Let u(j) = -136*j + 15. What is the tens digit of u(-3)?
2
Let o(u) = u + 11. Let c be o(-7). Suppose c*x = 11*x - 392. What is the units digit of x?
6
Let b = 2541 - 1370. What is the thousands digit of b?
1
Let t(k) = k**3 + 3*k**2 - 16*k + 3. Let f(x) = x**3 + 4*x**2 - 17*x + 4. Let j(q) = -4*f(q) + 5*t(q). What is the tens digit of j(6)?
0
What is the hundreds digit of (-181 + -2)*(0 - 7/3)?
4
Let q(d) be the second derivative of d**5/20 - d**4/4 + d**3/3 - d**2/2 + 9*d. What is the units digit of q(3)?
5
Suppose 12*s - 5 = 11*s. Let j = s - 11. Let m = 14 + j. What is the units digit of m?
8
Let p(o) = 2*o**2 + 6*o + 3. Let v be ((-9)/1)/3 + -2. Let d be p(v). Let s = d - 13. What is the tens digit of s?
1
Let l = -33 - -37. Suppose -l*u + 288 = 4*h, 0*u + 2*u - 143 = -3*h. What is the units digit of u?
3
Suppose -9*z = -2*z + 35. What is the units digit of ((z + 7)/(-1 - -3))/1?
1
Let u(m) = -100*m - 22. What is the units digit of u(-3)?
8
Let z(k) = -k**2 - 10*k - 16. Let t be z(-4). What is the units digit of 6/(-15)*(-204)/t*5?
1
Suppose 2*m = 3*a - 3008, 784 + 224 = a + 2*m. What is the hundreds digit of a?
0
Let z be (-2)/2 + 4 + -4. What is the tens digit of z/(0 + -1)*49?
4
Let h = 71 + -5. What is the tens digit of h?
6
Suppose -26 = -6*t - 14. Suppose y = s + 333, -s + t*s = -4. What is the tens digit of y?
2
Let z(p) = 3*p**2 - 38*p + 7. Let m be z(11). Let b be (292/16)/(2/(-8)). Let y = m - b. What is the units digit of y?
5
Let j = -10 - -27. Suppose -1836 = 8*z - j*z. What is the units digit of z?
4
What is the tens digit of 52 + 1 + -2 + (7 - 4)?
5
Let l(q) = q**3 + 2*q**2 - 11*q + 4. Let k be (90/(-75))/(2/(-5) + 0). What is the tens digit of l(k)?
1
Let m(f) = -16*f - 5. Let q be m(-5). Let v be ((-72)/(-10))/(30/q). Suppose 4*b = 7*b - v. What is the units digit of b?
6
Let w(v) be the first derivative of 9*v**2/2 - 2*v - 109. Suppose m + 28 = 2*m + 5*j, 5*m - j = 10. What is the units digit of w(m)?
5
Let c = -7 - -11. Suppose 0 = 2*v - 0 - 6. Suppose -c*g + 2*m + 104 = -m, 0 = 2*g + v*m - 70. What is the tens digit of g?
2
Suppose 2*m - 2*u = -2*m - 46, u - 62 = 5*m. Let t = 22 - 50. Let p = m - t. What is the tens digit of p?
1
Suppose -5*c = c. Suppose c = 3*b - 4*b - 3*s + 92, s - 82 = -b. What is the units digit of b?
7
Suppose -7*f + 3*f = 4*j - 16, 3*j - 2 = 2*f. Suppose -3*r - 32 = -f. What is the units digit of (-112)/r - 1/5?
1
Let b be ((-6)/8)/((-1)/(-16)). What is the hundreds digit of ((-2)/((-8)/110))/((-2)/b)?
1
Let g = -36 + 685. What is the hundreds digit of g?
6
Let f = -8 + 23. Suppose 0 = 3*k - f, 2*r = 2*k - k + 103. Suppose 0 = 3*l + 3*c - r, 0 = -2*l - 9*c + 4*c + 21. What is the units digit of l?
3
Let d(a) = -97*a - 171. What is the tens digit of d(-11)?
9
Let x be (-1 + (-3 - -2))*-2. Suppose -5*h + 1 = -x. Suppose -3*v - 20 = -4*o, -h = o + 2*v + 5. What is the units digit of o?
2
Let f = -3 + 7. Suppose 4*b + 12 = 5*k, -10 = b - f*k + 4. Suppose -6*o + 10 = -o + 3*i, -b*i + 8 = 4*o. What is the units digit of o?
2
Let s = 487 - 234. What is the tens digit of s?
5
Let i(d) = d**3 - 12*d**2 - 11*d - 13. Let a = -21 + -3. Let l = a - -37. What is the units digit of i(l)?
3
Let h(c) = c**3 + 14*c**2 + 29*c - 1. Let x be h(-12). Let r = 153 + x. What is the units digit of r?
2
Let p(f) = f**3 - 4*f**2 - f + 5. Let z be p(5). Suppose -z*m - 495 = -28*m. What is the units digit of m?
5
Let l(u) = 3*u**3 - 2*u**2 - 3*u - 7. Let d be l(4). What is the units digit of d/4 - 17/68?
5
Suppose 0 = d + 2*x + 65, -7*d + 8*d = 5*x - 37. Let v = 130 + d. What is the units digit of v?
3
Let g = -180 - -718. What is the tens digit of g?
3
Let c(l) = l**2 + l + 4. Let o be c(0). Suppose -p + 6 + 43 = 0. Let q = p - o. What is the tens digit of q?
4
Suppose -22*c + 5323 = 1099. What is the units digit of c?
2
Suppose 2*l - 986 = -w, -2*l - 535 = -w + 431. What is the hundreds digit of w?
9
Suppose 6*w - 412 = 2*w + 4*u, 0 = -5*w + 2*u + 500. Let t = 129 - w. What is the units digit of t?
1
Suppose -2*y - 70 = -80, 2*v - 8357 = -3*y. What is the units digit of v?
1
What is the tens digit of (-3030)/(-36) - (-2)/(-12)?
8
Suppose -5*l = -204 - 76. Let t = 185 + l. What is the hundreds digit of t?
2
Suppose -4*c + 757 + 411 = 0. What is the hundreds digit of c?
2
Suppose -1198*d - 1596 = -1200*d. What is the units digit of d?
8
Suppose 0 = 48*j - 30*j - 10728. What is the tens digit of j?
9
Let q = -2835 - -3970. What is the tens digit of q?
3
Let v(g) be the second derivative of -g**5/20 - g**4/12 + 5*g**3/6 - 5*g**2/2 + 16*g. What is the units digit of v(-5)?
0
What is the units digit of 613 - 6/(-9)*(7 - 10)?
1
Let s(c) = 591*c**2 + 1. Let l be s(-1). What is the units digit of (0 - 1)/((-8)/l)?
4
Let n(x) be the second derivative of 7*x**4/12 + x**2/2 + 13*x. Let b = 4 + -6. What is the units digit of n(b)?
9
Let z(b) = b + 1. Suppose 0 = -3*d + 10 + 5. Suppose 3 = 4*r - d. What is the units digit of z(r)?
3
Let l(p) = 21*p**2 + p + 1. Let q be l(-1). Let c be (q/(-6) + 3)*-12. Let o = c - 3. What is the units digit of o?
3
Let w(l) = -l**3 + 14*l**2 + 54*l - 27. What is the tens digit of w(16)?
2
Suppose 0 = -19*s + 14*s - 3225. What is the tens digit of s/(-9) - (-1)/3?
7
Let p = -1183 - -3999. What is the units digit of p?
6
Let n(q) be the first derivative of q**4/4 - q**3 - 2*q**2 + q - 4. Let c be n(4). What is the units digit of 9 - 6 - (-16)/c?
9
What is the units digit of ((-2)/3 - 244/3)/(-2)?
1
Let z = 157 - 147. Let c(u) = -2*u - 25. Let s(w) = 3*w + 38. Let f(k) = -8*c(k) - 5*s(k). What is the tens digit of f(z)?
2
What is the hundreds digit of (248/40 - 6) + 1014/5?
2
Let b(l) = l**3 + 6*l - 5*l**2 + 2*l**3 - 4 - 2*l**3. Let c = 507 - 501. What is the units digit of b(c)?
8
Suppose 0 = -d - d + 10. Suppose -3*v - d*r + 26 = 0, -v + 4*r = r - 18. What is the units digit of v?
2
Let g(s) = -4*s - 21. Let i be g(-11). Suppose -i = -x + 6. What is the tens digit of x?
2
Let g(a) = -7*a**2 + a + 2. Let h be g(2). Suppose 4*z - 22 = -2*j, 4 = -j + z - 0. Let l = j - h. What is the tens digit of l?
2
Let s = 12 + -7. Let b = s - 1. What is the units digit of -1 - 76/b*-1?
8
Let y(m) be the third derivative of m**6/20 - m**5/60 - m**4/6 - 2*m**3/3 + 5*m**2. Let r be y(6). What is the tens digit of 12/(-54) - r/(-36)?
3
Suppose 5*q - 4*g - 20029 = -5719, 0 = 2*q + 2*g - 5706. What is the thousands digit of q?
2
Suppose -182 = -2*z + 108. Let w = 214 - z. What is the tens digit of w?
6
Suppose -q - 73*f + 70*f + 794 = 0, -f = 5*q - 3928. What is the units digit of q?
5
Suppose -4*z = -4*g - 2224, 4*z - g - 2239 = -0*z. Suppose 153 - z = -3*d. What is the hundreds digit of d?
1
Let g = 49 - 86. Let o = 11 - g. What is the units digit of o?
8
Let j = -33 + 27. Let u(g) = -6*g - 20. Let o be u(j). Suppose 2*r = -2*r + o. What is the units digit of r?
4
Let g = -1219 + 2146. What is the units digit of g?
7
Let g(k) = 9*k + 5*k + 7*k + 39. What is the tens digit of g(12)?
9
Suppose 2*k + 60 - 674 = 0. Let i = -185 + k. What is the tens digit of i?
2
Let b(a) = 161*a - 42. Let h be b(6). Suppose 5*d - h = 3*c, 2*c = -3*d + 441 + 121. What is the hundreds digit of d?
1
Suppose -2*z = -2*n - 4590, 4*z + 10*n - 9204 = 8*n. What is the hundreds digit of z?
2
Let l(d) = -d + 15. Let w be l(13). Suppose -4*y + 0*y - 5*u = -137, -y + w*u = -44. What is the units digit of y?
8
What is the hundreds digit of (432/192)/((-3)/(-2180))?
6
Suppose 3*k - 625 = -2*p, 4*p - 5*k = -105 + 1388. What is the hundreds digit of p?
3
Let i(j) = -4*j + 34. Let h be i(16). Let u = h + 94. What is the units digit of u?
4
Let c be 1 + -2 + 2 + 5. Let m(w) = -w**2 + 9*w + 6. What is the tens digit of m(c)?
2
Su